{"id":1665,"date":"2016-01-25T11:17:58","date_gmt":"2016-01-25T09:17:58","guid":{"rendered":"http:\/\/mariposa-fairtrade.de\/?post_type=product&#038;p=1665"},"modified":"2025-12-04T12:29:56","modified_gmt":"2025-12-04T12:29:56","slug":"wendemuetze-naturgefaerbt","status":"publish","type":"product","link":"https:\/\/www.mariposa-fairtrade.de\/index.php\/produkt\/wendemuetze-naturgefaerbt\/","title":{"rendered":"Wendem\u00fctze Klassik 4uses bunt BESTSELLER"},"content":{"rendered":"<p>Aus 100% Alpaka.<\/p>\n<p>Ungef\u00e4rbt und Pflanzengef\u00e4rbt.<\/p>\n<p>Reine Handarbeit.<\/p>\n<p>Die M\u00fctzen k\u00f6nnen durch Wenden und Randumschlagen in vier verschiedenen Designs getragen werden. So wird aus einer bunten M\u00fctze im Handumdrehen eine naturfarbene.<\/p>\n<p>GSPR Infos:<\/p>\n<p>Hersteller:<\/p>\n<p>mariposa fair trade, Matthias Pieper<\/p>\n<p>Rosenstr. 6, 97256 Geroldshausen<\/p>\n<p>kontakt@mariposa-fairtrade.de<\/p>\n","protected":false},"excerpt":{"rendered":"<p>100% Alpaka<\/p>\n","protected":false},"featured_media":10097,"comment_status":"closed","ping_status":"closed","template":"","meta":[],"product_brand":[],"product_cat":[154,153,141],"product_tag":[],"class_list":{"0":"post-1665","1":"product","2":"type-product","3":"status-publish","4":"has-post-thumbnail","6":"product_cat-mutzen-und-stirnbander","7":"product_cat-doppel-wende-accessoires","8":"product_cat-angebote","10":"first","11":"outofstock","12":"sale","13":"taxable","14":"shipping-taxable","15":"purchasable","16":"product-type-variable"},"_links":{"self":[{"href":"https:\/\/www.mariposa-fairtrade.de\/index.php\/wp-json\/wp\/v2\/product\/1665","targetHints":{"allow":["GET"]}}],"collection":[{"href":"https:\/\/www.mariposa-fairtrade.de\/index.php\/wp-json\/wp\/v2\/product"}],"about":[{"href":"https:\/\/www.mariposa-fairtrade.de\/index.php\/wp-json\/wp\/v2\/types\/product"}],"replies":[{"embeddable":true,"href":"https:\/\/www.mariposa-fairtrade.de\/index.php\/wp-json\/wp\/v2\/comments?post=1665"}],"wp:featuredmedia":[{"embeddable":true,"href":"https:\/\/www.mariposa-fairtrade.de\/index.php\/wp-json\/wp\/v2\/media\/10097"}],"wp:attachment":[{"href":"https:\/\/www.mariposa-fairtrade.de\/index.php\/wp-json\/wp\/v2\/media?parent=1665"}],"wp:term":[{"taxonomy":"product_brand","embeddable":true,"href":"https:\/\/www.mariposa-fairtrade.de\/index.php\/wp-json\/wp\/v2\/product_brand?post=1665"},{"taxonomy":"product_cat","embeddable":true,"href":"https:\/\/www.mariposa-fairtrade.de\/index.php\/wp-json\/wp\/v2\/product_cat?post=1665"},{"taxonomy":"product_tag","embeddable":true,"href":"https:\/\/www.mariposa-fairtrade.de\/index.php\/wp-json\/wp\/v2\/product_tag?post=1665"}],"curies":[{"name":"wp","href":"https:\/\/api.w.org\/{rel}","templated":true}]}}