{"id":5226,"date":"2016-12-19T00:00:00","date_gmt":"2016-12-19T00:00:00","guid":{"rendered":"http:\/\/shop.mariposa-fairtrade.de\/biobaumwolle\/"},"modified":"2021-04-23T16:27:25","modified_gmt":"2021-04-23T16:27:25","slug":"biobaumwolle","status":"publish","type":"page","link":"https:\/\/www.mariposa-fairtrade.de\/index.php\/biobaumwolle\/","title":{"rendered":"Biobaumwolle"},"content":{"rendered":"<div class=\"wpb-content-wrapper\"><p>[vc_row][vc_column][vc_column_text]Tang\u00fcis Baumwolle ist neben Pima die andere, hochwertige Baumwollart in Peru. Sie hat dank der langen Fasern eine sehr weiche Haptik, welche bei der Verspinnung per Hand oder mit kleinen Maschinen besonders gut erhalten bleibt.<\/p>\n<p>Tang\u00fcis Baumwolle ist besonders widerstandsf\u00e4hig und hat gute thermische Eigenschaften.<\/p>\n<p>Die Baumwolle wird in der Region Chincha nach GOTS Richtlinien angebaut. Die Bauern erhalten einen Mindestpreis f\u00fcr die Baumwolle, der deutlich \u00fcber dem Marktpreis liegt. Der weitere Verarbeitungsprozess ist nicht GOTS zertifiziert.[\/vc_column_text][\/vc_column][\/vc_row][vc_row][vc_column][vc_column_text]Die Baumwolle wird in einem Familienbetrieb in Lima versponnen und soweit m\u00f6glich mit Pflanzen gef\u00e4rbt. F\u00fcr besonders kr\u00e4ftige Farbt\u00f6ne wie rot oder petrol werden Farben genutzt, die den strengen Kriterien der Klasse 1 des Oekotex 100 Standards entsprechen (f\u00fcr Babykleidung) und somit frei von sch\u00e4dlichen Chemikaien sind.<\/p>\n<p>Wir haben uns im Februar 2017 erstmals selber ein Bild vor Ort machen k\u00f6nnen und konnten uns von der Professionalit\u00e4t und den guten Arbeitsbedingungen \u00fcberzeugen.<\/p>\n<p>Die fertigen Garne gehen dann auf die Reise zu unseren \u201eMeister-Strickerinnen\u201c ins Andenhochland um dort verarbeitet zu werden.[\/vc_column_text][\/vc_column][\/vc_row][vc_row][vc_column]<div class=\"templatera_shortcode\"><div class=\"jas-container\"><div class=\"vc_row vc_custom_1459711575831\"><div class=\"wpb_column vc_column_container vc_col-sm-4\"><div class=\"vc_column-inner \"><div class=\"wpb_wrapper\"><div class=\"vc-hoverbox-wrapper  vc-hoverbox-shape--square vc-hoverbox-align--center vc-hoverbox-direction--default vc-hoverbox-width--100\"  ontouchstart=\"\">\n  <div class=\"vc-hoverbox\">\n    <div class=\"vc-hoverbox-inner\">\n      <div class=\"vc-hoverbox-block vc-hoverbox-front\" style=\"background-image: url(https:\/\/www.mariposa-fairtrade.de\/wp-content\/uploads\/2021\/02\/slider-I-original-IMG_0679-scaled-2-1-1024x683.jpg);\">\n        <div class=\"vc-hoverbox-block-inner vc-hoverbox-front-inner\">\n            \n        <\/div>\n      <\/div>\n      <div class=\"vc-hoverbox-block vc-hoverbox-back\" style=\"background-color: #ebebeb;\">\n        <div class=\"vc-hoverbox-block-inner vc-hoverbox-back-inner\">\n            <h2 style=\"text-align:center\">\u00dcber uns<\/h2>\n            <p><a href=\"https:\/\/www.mariposa-fairtrade.de\/index.php\/about-us\/\">Mehr dar\u00fcber<\/a><\/p>\n<p>&nbsp;<\/p>\n<p>&nbsp;<\/p>\n\n            \n        <\/div>\n      <\/div>\n    <\/div>\n  <\/div>\n<\/div><div class=\"jas-member tc pr\"><h4 class=\"tu fs__14\">\u00dcber uns<\/h4><span><\/span><div class=\"social pa w__100 ts__03\"><\/div><\/div><\/div><\/div><\/div><div class=\"wpb_column vc_column_container vc_col-sm-4\"><div class=\"vc_column-inner \"><div class=\"wpb_wrapper\"><div class=\"vc-hoverbox-wrapper  vc-hoverbox-shape--square vc-hoverbox-align--center vc-hoverbox-direction--default vc-hoverbox-width--100\"  ontouchstart=\"\">\n  <div class=\"vc-hoverbox\">\n    <div class=\"vc-hoverbox-inner\">\n      <div class=\"vc-hoverbox-block vc-hoverbox-front\" style=\"background-image: url(https:\/\/www.mariposa-fairtrade.de\/wp-content\/uploads\/2021\/04\/arbeit-vor-ort-2.jpg);\">\n        <div class=\"vc-hoverbox-block-inner vc-hoverbox-front-inner\">\n            \n        <\/div>\n      <\/div>\n      <div class=\"vc-hoverbox-block vc-hoverbox-back\" style=\"background-color: #ebebeb;\">\n        <div class=\"vc-hoverbox-block-inner vc-hoverbox-back-inner\">\n            <h2 style=\"text-align:center\">Arbeit vor Ort<\/h2>\n            <p><a href=\"https:\/\/www.mariposa-fairtrade.de\/index.php\/arbeit-vor-ort\/\">Mehr dar\u00fcber<\/a><\/p>\n<p>&nbsp;<\/p>\n\n            \n        <\/div>\n      <\/div>\n    <\/div>\n  <\/div>\n<\/div><div class=\"jas-member tc pr\"><h4 class=\"tu fs__14\">Arbeit vor Ort<\/h4><span><\/span><div class=\"social pa w__100 ts__03\"><\/div><\/div><\/div><\/div><\/div><div class=\"wpb_column vc_column_container vc_col-sm-4\"><div class=\"vc_column-inner \"><div class=\"wpb_wrapper\"><div class=\"vc-hoverbox-wrapper  vc-hoverbox-shape--square vc-hoverbox-align--center vc-hoverbox-direction--default vc-hoverbox-width--100\"  ontouchstart=\"\">\n  <div class=\"vc-hoverbox\">\n    <div class=\"vc-hoverbox-inner\">\n      <div class=\"vc-hoverbox-block vc-hoverbox-front\" style=\"background-image: url(https:\/\/www.mariposa-fairtrade.de\/wp-content\/uploads\/2021\/04\/em14.jpg);\">\n        <div class=\"vc-hoverbox-block-inner vc-hoverbox-front-inner\">\n            \n        <\/div>\n      <\/div>\n      <div class=\"vc-hoverbox-block vc-hoverbox-back\" style=\"background-color: #ebebeb;\">\n        <div class=\"vc-hoverbox-block-inner vc-hoverbox-back-inner\">\n            <h2 style=\"text-align:center\">Fairreisen<\/h2>\n            <p><a href=\"https:\/\/www.mariposa-fairtrade.de\/index.php\/fairreisen\/\">Mehr dar\u00fcber<\/a><\/p>\n<p>&nbsp;<\/p>\n\n            \n        <\/div>\n      <\/div>\n    <\/div>\n  <\/div>\n<\/div><div class=\"jas-member tc pr\"><h4 class=\"tu fs__14\">Fairreisen<\/h4><span><\/span><div class=\"social pa w__100 ts__03\"><\/div><\/div><\/div><\/div><\/div><\/div><\/div><\/div>[\/vc_column][\/vc_row]<\/p>\n<\/div>","protected":false},"excerpt":{"rendered":"Tang\u00fcis Baumwolle ist neben Pima die andere, hochwertige Baumwollart in Peru. Sie hat dank der langen Fasern eine sehr weiche Haptik, welche bei der Verspinnung per Hand oder mit kleinen Maschinen besonders gut erhalten bleibt. Tang\u00fcis Baumwolle ist besonders widerstandsf\u00e4hig und hat gute thermische Eigenschaften. Die Baumwolle wird in der Region Chincha nach GOTS Richtlinien [...]","protected":false},"author":1,"featured_media":2934,"parent":0,"menu_order":0,"comment_status":"closed","ping_status":"closed","template":"","meta":{"footnotes":""},"class_list":["post-5226","page","type-page","status-publish","has-post-thumbnail","hentry"],"_links":{"self":[{"href":"https:\/\/www.mariposa-fairtrade.de\/index.php\/wp-json\/wp\/v2\/pages\/5226","targetHints":{"allow":["GET"]}}],"collection":[{"href":"https:\/\/www.mariposa-fairtrade.de\/index.php\/wp-json\/wp\/v2\/pages"}],"about":[{"href":"https:\/\/www.mariposa-fairtrade.de\/index.php\/wp-json\/wp\/v2\/types\/page"}],"author":[{"embeddable":true,"href":"https:\/\/www.mariposa-fairtrade.de\/index.php\/wp-json\/wp\/v2\/users\/1"}],"replies":[{"embeddable":true,"href":"https:\/\/www.mariposa-fairtrade.de\/index.php\/wp-json\/wp\/v2\/comments?post=5226"}],"version-history":[{"count":0,"href":"https:\/\/www.mariposa-fairtrade.de\/index.php\/wp-json\/wp\/v2\/pages\/5226\/revisions"}],"wp:featuredmedia":[{"embeddable":true,"href":"https:\/\/www.mariposa-fairtrade.de\/index.php\/wp-json\/wp\/v2\/media\/2934"}],"wp:attachment":[{"href":"https:\/\/www.mariposa-fairtrade.de\/index.php\/wp-json\/wp\/v2\/media?parent=5226"}],"curies":[{"name":"wp","href":"https:\/\/api.w.org\/{rel}","templated":true}]}}